01010110
In base 4, what is 0 + -103303112130021?
-103303112130021
In base 9, what is 16 + 150476?
150503
In base 11, what is 1972 - -1a95?
3957
In base 2, what is -10 - 111100100110011110110110?
-111100100110011110111000
In base 9, what is -402114 + 223?
-401781
In base 7, what is -130 - 150114?
-150244
In base 8, what is 46 + 463614?
463662
In base 7, what is 4 - -46016601?
46016605
In base 3, what is 222 + -111220200120111?
-111220200112112
In base 3, what is -1100 + 121020002210202?
121020002202102
In base 9, what is -1 + 541638?
541637
In base 14, what is -17 + -6895?
-68ac
In base 6, what is 353500 + -1212?
352244
In base 16, what is 36c95dd + 3?
36c95e0
In base 11, what is -189 - 453172?
-453350
In base 5, what is -100 + 14311203?
14311103
In base 14, what is -1773839a - 4?
-177383a0
In base 14, what is -6c5048 + -7?
-6c5051
In base 9, what is 6758630 + 5?
6758635
In base 6, what is -5110144152 + -12?
-5110144204
In base 6, what is -30323121 + 42?
-30323035
In base 16, what is -1 + -1a88a2?
-1a88a3
In base 5, what is -343301 - -1423?
-341323
In base 5, what is 1440032033 - -3?
1440032041
In base 7, what is 1 + -5651564?
-5651563
In base 2, what is -1010101000111101 - 1011111110000?
-1100001000101101
In base 6, what is -3 + -11450135345?
-11450135352
In base 8, what is 474043305 + -2?
474043303
In base 11, what is 3341 - 4760?
-141a
In base 16, what is -1a5 + -16665?
-1680a
In base 3, what is -12 + -220020111110?
-220020111122
In base 16, what is -4 + -49af9?
-49afd
In base 5, what is -433224300 - 40?
-433224340
In base 9, what is -15276183 - -33?
-15276150
In base 9, what is 4 - -3170384?
3170388
In base 4, what is 22 + 1233013223333?
1233013230021
In base 10, what is -15 - -42198?
42183
In base 3, what is 112000210210 - 212?
112000202221
In base 3, what is 20022 + -120001001021?
-120000210222
In base 2, what is 11111110100000 - 110000111010?
11001101100110
In base 6, what is -20123041 + -104?
-20123145
In base 16, what is 330 - 11069?
-10d39
In base 5, what is -43034324 - -1243?
-43033031
In base 11, what is -130a17 + -97a?
-131896
In base 5, what is 1131423 + -32222?
1044201
In base 9, what is -127 - -2742388?
2742261
In base 15, what is 380a8 - -1137?
391e0
In base 3, what is 222001201220 - -1020?
222001210010
In base 13, what is a22 + -162a6?
-15584
In base 3, what is -12 - -11110020201100021?
11110020201100002
In base 9, what is 2 - -43124735?
43124737
In base 11, what is -269203 - -a19?
-268295
In base 7, what is 2321464 - -304?
2322101
In base 15, what is -2618ab + 1c?
-26188e
In base 9, what is 137837 - -15?
137853
In base 4, what is 1131220120 + 10021?
1131230201
In base 16, what is 3 + 4739?
473c
In base 5, what is -20330 - -342001?
321121
In base 4, what is 300331 - -2210?
303201
In base 16, what is -113d18dd + -4?
-113d18e1
In base 5, what is 204 - 11311?
-11102
In base 4, what is 121000132 + 22332?
121023130
In base 14, what is 49 + -13aa510?
-13aa4a5
In base 2, what is -10011100001100010 + -111?
-10011100001101001
In base 6, what is 3043 + 10430?
13513
In base 5, what is -201214201 - 144?
-201214400
In base 2, what is 1010100011110111100010 - -1?
1010100011110111100011
In base 15, what is -6 + 21093c?
210936
In base 4, what is -133131 + -213030222?
-213230013
In base 9, what is 4516486 - -1?
4516487
In base 9, what is 41421202 - -3?
41421205
In base 8, what is 1750 + -12765?
-11015
In base 16, what is -6306c - -12?
-6305a
In base 11, what is 171575 - -8a?
171654
In base 7, what is -332 - 400222?
-400554
In base 14, what is -4 - 913999c?
-91399a2
In base 9, what is -23137 + 1462?
-21565
In base 5, what is 42434 - -11124030?
11222014
In base 12, what is -389254 + 27?
-389229
In base 11, what is 107966884 - -4?
107966888
In base 16, what is -e5 + 137d0f?
137c2a
In base 5, what is 4 - -1043133020?
1043133024
In base 15, what is 12b0c5c - 3?
12b0c59
In base 14, what is -14bd52 - 88?
-14bdda
In base 12, what is 72809 + -174?
72655
In base 10, what is 3251371 - 2?
3251369
In base 8, what is 106167666 + 3?
106167671
In base 13, what is -26bc + 52?
-266a
In base 7, what is 1561620 + -3220?
1555400
In base 7, what is -4 + -33665534?
-33665541
In base 12, what is 0 + -854b698?
-854b698
In base 12, what is -15928108 + 5?
-15928103
In base 10, what is -251 + -680480?
-680731
In base 3, what is -101 + -1202222002111222?
-1202222002112100
In base 8, what is 3 + 76154?
76157
In base 13, what is -339883 + 5?
-33987b
In base 8, what is 3512413373 + 1?
3512413374
In base 10, what is -55383562 + -2?
-55383564
In base 6, what is 5 - -54235044?
54235053
In base 15, what is -5 + -17d4b19?
-17d4b1e
In base 12, what is -718 - -3482?
2966
In base 14, what is -10 - -29d9c19?
29d9c09
In base 9, what is -30357031 - -102?
-30356828
In base 10, what is -8348 + 6961?
-1387
In base 10, what is -1561719 + -9?
-1561728
In base 10, what is -234 - -19338?
19104
In base 3, what is -10011010201111121 - 11?
-10011010201111202
In base 15, what is 5e047dd + 6?
5e047e4
In base 2, what is 110000000011011000 + -101010001000?
101111011001010000
In base 12, what is 447b917 + -16?
447b901
In base 9, what is -4 + 1103500?
1103485
In base 16, what is 16 - -26636a0?
26636b6
In base 5, what is 132034103 + -4404?
132024144
In base 12, what is -699 - -1bb05?
1b428
In base 10, what is -11 + 1274839?
1274828
In base 5, what is 122314 + -233020?
-110201
In base 6, what is 50334235 - -1?
50334240
In base 10, what is 604294 - 0?
604294
In base 13, what is -203 + 313c1?
311bb
In base 5, what is -23412244302 - 114?
-23412244421
In base 6, what is 130255415 + -1?
130255414
In base 9, what is 203433 + 2?
203435
In base 3, what is 0 + 201221011121221?
201221011121221
In base 4, what is 11 + -322321330103?
-322321330032
In base 4, what is -23021 - -3002221?
2313200
In base 2, what is -1110110101011000 + -1101000000?
-1111000010011000
In base 16, what is 29a23 - 0?
29a23
In base 10, what is 440 - -116140?
116580
In base 6, what is 5132230 + 15?
5132245
In base 6, what is 155103 + -11310?
143353
In base 4, what is 3 - -12112113211201?
12112113211210
In base 11, what is -2506 - 164?
-266a
In base 16, what is -1d - 14bd06?
-14bd23
In base 16, what is 4082cd3 - 2?
4082cd1
In base 11, what is 46 - -1519016?
1519061
In base 9, what is -3 - 61636313?
-61636316
In base 12, what is 1b21156 + -11?
1b21145
In base 2, what is -1010101010101110110000 - 110?
-1010101010101110110110
In base 15, what is 364705 + 1?
364706
In base 2, what is 10 + 1000001110110010101000?
1000001110110010101010
In base 6, what is -223301 - 4545?
-232250
In base 6, what is -11322113 - -20?
-11322053
In base 7, what is -446642 + -242?
-450214
In base 10, what is 24658 + -327?
24331
In base 7, what is -140202164 - -1?
-140202163
In base 10, what is 95533 + 36?
95569
In base 13, what is -1c3138b - -2?
-1c31389
In base 6, what is -2002305351 + 1?
-2002305350
In base 15, what is 4 + 676e1?
676e5
In base 11, what is 1303953 + -2?
1303951
In base 9, what is 0 - 157483484?
-157483484
In base 14, what is -1394 - 26096?
-2744a
In base 16, what is -2e9461 + -6?
-2e9467
In base 9, what is 686058 + -10?
686048
In base 5, what is 422040033 - 214?
422034314
In base 10, what is -3 - 609261?
-609264
In base 8, what is -1355740 + -44?
-1356004
In base 11, what is -a727 - 106?
-a832
In base 9, what is 4024 - 22721?
-17686
In base 16, what is 5 - -51040e?
510413
In base 10, what is -8 + 3449237?
3449229
In base 13, what is -3c - 4c307c?
-4c30bb
In base 13, what is -5 + -28b4613?
-28b4618
In base 9, what is 1242808 + -1386?
1241412
In base 16, what is -19dff41 + -2?
-19dff43
In base 3, what is 1102122120110 + -210?
1102122112200
In base 12, what is -55 - a6791?
-a6826
In base 8, what is 5 + -7057116?
-7057111
In base 15, what is c + 63340a?
633417
In base 15, what is 1486d9e - -3?
1486da2
In base 13, what is 3 + -20250c?
-202509
In base 6, what is 15543 + 1233121?
1253104
In base 9, what is 2 - -18452566?
18452568
In base 10, what is -137 + 149574?
149437
In base 6, what is 1512103 - 1013?
1511050
In base 13, what is 52c9 + -491?
4b38
In base 8, what is 161524347 + 0?
161524347
In base 10, what is 9125 - -123740?
132865
In base 13, what is -17 - 4645b?
-46475
In base 16, what is -5 - 202a66?
-202a6b
In base 8, what is 11343 - -1717?
13262
